 - -165)).
80
What is (-43 - (-12 + 23 + -6)) + -3 + (0 - -1)?
-50
102 + -56 + (-5 - -8) + -7
42
Calculate (45 - 56) + 3 + -35 + -16.
-59
What is the value of 297 - (189 - -134) - ((-11 - 2) + 1 + 0)?
-14
-16 + -59 + 10 + 33
-32
What is (-36 - (9 + -5) - -9) + (5 - (9 + 5))?
-40
What is the value of -1896 - -2020 - (46 - -4)?
74
Evaluate 0 + 68 + -7 + -171 + 148.
38
(13 - 16) + (-15 - 11) + 21
-8
What is (59 - (24 + 55)) + 15?
-5
Calculate 28 + -7 + 20 + -39 + 22 + 1.
25
Evaluate 4 + -46 + 44 + -28.
-26
Calculate 35 - 0 - (62 + -66) - (-2 - -10).
31
What is the value of 16 - (-2 + 8) - ((-31 - -14) + 13)?
14
Evaluate -12 - (70 - ((12 - (-9 + -2 - -22)) + -9)).
-90
(33 - 32) + -90 + -5 + (4 - 1)
-91
-8 + (-4 + -38 - -2 - ((12 - 2) + 3))
-61
Calculate -8 - (-5 - -2 - (9 + 75 - 11)).
68
Calculate (-17 - -1 - -20) + -24 + 6 + -6.
-20
Calculate (2 - (-1 - (-3 - -4))) + 3 - (188 - 151).
-30
-36 - -7 - -12 - -6 - 0 - -50
39
17 + (14 - (-21 - 22)) + -16
58
3 - (51 + -66 + 47)
-29
(-7 - -4) + 1 - -46 - (5 - 5 - -11)
33
Evaluate (5 - 47) + (1551 - 1503).
6
Evaluate 1 + -1 - 37 - -2 - (8 + 8).
-51
What is the value of (-56 - 4) + (6 - 56 - -29)?
-81
Evaluate -173 + 54 - -88 - -77.
46
(17 - 4) + (722 - 684)
51
Evaluate 136 + -153 + -2 + 31 - (2 + -8).
18
Evaluate 38 - ((-86 + 48 - -3) + 38).
35
(1 - (-66 - -15)) + -45
7
22 + (17 - (-7 + (34 - 8)))
20
What is the value of (53 - (101 - 11)) + 98?
61
What is the value of (7 + 2 - (-4 - (0 - 5))) + -102 + 7?
-87
What is 3 + -72 - (951 - 976)?
-44
Evaluate -2 + (34 - -1) + 1284 + -1397.
-80
1 + -32 + 172 + -154 + -27 + -4
-44
73 - (74 + 12 - 44)
31
(-17 - -16 - 0 - 8) + -18
-27
Calculate 69 + -114 + 60 + -14 + 1 - (1 - 58).
59
(-75 - 116) + 189 - (0 + -55 + -1 + -1)
55
What is -34 + (10 - ((-16 - (-2 + -11)) + -3 + 8))?
-26
What is 131 + -123 + (9 - 57)?
-40
What is -1358 + 1358 - (-1 + 18)?
-17
Calculate 60 + 17 + -54 + (-3 - 9).
11
Calculate 344 + -373 + 63 + 4.
38
Calculate 15 + (-2 + 0 - ((-16 - -33) + -25)).
21
Evaluate -261 - -201 - -51 - (-1 + -45 + 0).
37
(-8 - (-18 - (-16 - 10))) + 13
-3
Calculate (115 - 203 - -90) + (-50 - 0) + 0 + 1.
-47
Evaluate 12 + -152 + 61 + 21.
-58
What is the value of -1588 + 1550 + (15 - (-3 + 4)) + -3?
-27
Evaluate -1 + -36 + (-5 - (-15 + -32 + 32 + 7)).
-34
Calculate -2 - 10 - (-80 - (98 + -238)).
-72
What is the value of 170 - 175 - (-87 - -6 - (-4 + 1))?
73
What is the value of -20 - -75 - (-19 + -5 + -4) - (11 - -1)?
71
Calculate (-1 + -17 - (-1 + -13)) + 20 + -50.
-34
What is 1 + 72 - (4667 + -4474)?
-120
Evaluate 0 - (-5 + (-34 - (9 + -15 - 0) - 10)).
43
Calculate (-14 + 22 - 21) + -12 + 13 + 5.
-7
-13 + 40 + 10 + -23 + 18
32
Evaluate 54 - ((-3 + -18 - (-51 - -5)) + -13).
42
What is the value of -34 + -11 - -39 - (-1 - (2 + -31))?
-34
(1 - (29 - -11)) + 446 + -523
-116
Evaluate -22 + -1 + (2519 - 2509).
-13
What is -26 + (-5 + 32 - 12 - -101)?
90
What is the value of 123 + -109 + -25 - -72?
61
12 - (-3 + (131 - (3 - (-8 - -12 - 0))))
-117
What is -49 - (-6 - 4) - (7 - (-4 - 2))?
-52
(-240 - -270 - (48 + -1)) + 27
10
-67 + 154 - ((15 - 7) + (1 - -1))
77
Evaluate -162 - -256 - (202 - -7).
-115
What is (141 - (171 - 129)) + -47?
52
What is (7 + -2 - -27) + (2 - (9 - 9))?
34
What is the value of (9 - (7 + -12 - -80)) + (9 - -3)?
-54
What is (-6 - (11 + (9 + -1 + 0 - -20))) + 4?
-41
Evaluate (39 + 0 - 35) + -2 + 34 + 12.
48
Evaluate (2 - (-3 - (-13 + 16 + -8))) + (4 - -1).
5
-62 + (-2 - 9) + -22 + (-5 - -14) + 21
-65
Calculate 32 + 2 - (-6 + 8).
32
Evaluate 69 + (2 - 11 - 56).
4
Calculate 12 + 6 + (-19 + -7 - 85).
-93
-43 - ((-3 - (3 - 11)) + -18 + 3)
-33
What is -8 + (9 - 3) - (-12 + 7 - 42)?
45
Evaluate 64 + (-88 - (-53 - -6)) + 25.
48
-95 + 116 + (21 - (-29 + 8))
63
What is -5 + 11 + (14 - 5) + -3 + -8 + 78?
82
What is the value of 36 + 5 + -70 + 10 - 46?
-65
What is the value of -1166 + 1149 + (182 - -2) - 46?
121
What is the value of (-11 - (2 + -6)) + 73 + (9 - (20 - 0))?
55
What is -20 + 16 - (10 - (-11 - (-13 - 10)))?
-2
(-10 + -4 - -12 - (1 - 32)) + (4 - 4)
29
What is the value of 12 + (19 - 19) + (6 - (-4 + -3 - -3))?
22
What is (33 - 78 - -64) + -11 + -7?
1
Calculate (3 - 6) + 33 + (173 - 78).
125
What is the value of 0 + (31 - 1) - (-9258 - -9263)?
25
-58 + 5 + (-22 - (-16 + 3)) + -1 + 1
-62
Calculate -23 + 94 + -61 + 84.
94
What is the value of -5 - (96 - (59 + 37))?
-5
Calculate 1772 - 1611 - (5 - -22).
134
(-83 - (17 - 63)) + (-4 - (0 + -4) - 8)
-45
Calculate -6 + -93 + (29 - -152).
82
Evaluate 1319 - 1289 - (53 - 0).
-23
What is (-13 + 6 - -3 - 3) + (43 - (7 - 3))?
32
Evaluate (29 - (10 + -10) - (-2 + -1)) + (-4 - 0).
28
What is -6 - ((16 - -7) + -28) - -8?
7
What is the value of -30 + 12 + (-3 - -14) + -58 + -2?
-67
Calculate (-69 - -13) + 51 - 37.
-42
Evaluate -102 - (-77 - 158) - 110.
23
What is 0 + 375 + -361 + -8 + 0 + -23?
-17
Evaluate 97 - 106 - -2 - (2 + -1 + -1) - -34.
27
What is -55 + -42 + (15 - -20)?
-62
What is the value of (-44 - 1) + 51 - 17?
-11
-113 - -255 - 133 - (-2 - (-1 - 3))
7
What is 159 + -42 - 80 - 65?
-28
What is -160 + (47 - 33) + 91?
-55
What is (-4 - (2 + 10) - (-182 + 192)) + 17?
-9
3 + (8 - (-5 + 19)) - (-53 - (-2 - 0))
48
What is -72 - -99 - (7 + (-5 - -10))?
15
-6 + (346 - 347 - (-12 + (-3 - -4)))
4
What is -5 + (1574 - 1517 - (1 + -22))?
73
Evaluate (18 - 12) + (18 - 8) + -26.
-10
What is -135 - (45 + -79 - (-7 + 17))?
-91
What is 13 + -2 + 0 + (-42 - -10) + -85?
-106
Calculate 3 - -24 - (-18 - (-45 + 44)) - (0 - 1).
45
What is -5 - (-23 + 0 - (-25 - -7))?
0
-21 + (-2 - -1) + (-8 - -11) + 6
-13
Calculate -85 + 22 - -63 - (-2 + 1 + 7).
-6
3 - (-13 + (57 - 16) - 7)
-18
Evaluate (-67 - (-16 - (-15 + 16 + -7))) + 9 + -3.
-51
Calculate -85 + 25 + -31 + 63.
-28
-13 - (-7 - (-8 + (-11 - -9)) - -56)
-72
What is 69 - (66 - ((-60 - -45) + 54))?
42
What is 64 - (14 - (7 - 6) - 7 - (20 + -5))?
73
Evaluate (5 - 17) + -24 + 47.
11
What is the value of 1 + -14 - (22 + (-6 - (-14 - -22)))?
-21
Evaluate -10 + 8 + 1 + (-9 - (-89 - 21)) + -14.
86
Evaluate 11 - (108 + -31 + -1).
-65
What is 0 + 145 + (19 - (-234 - -284))?
114
Evaluate (-63 - -63 - (9 - 2)) + (9 - 18).
-16
What is the value of (-10 - 7) + (1839 - 1901)?
-79
-52 + -5 + 6 + -5 + -14 + 22
-48
What is -18 + 150 + -11 + (22 - 18) + 20?
145
Calculate 106 + -152 - (29 + -26 - (1 + -3)).
-51
What is the value of (130 - (92 + 0)) + -93?
-55
What is -14 + (-4 - -10) + 9 - (-4 + (-13 - -6))?
12
Evaluate 130 + -113 + (-4 + (1 - -3) - 62).
-45
Evaluate (-732 - -739) + (-16 - (4 + -3)) + -20.
-30
What is the value of -10 + 11 + 9 + -7 + 5 + 31 + -13?
26
What is the value of 2 + 31 - (-20 + (-22 - -57))?
18
153 + -96 + -199 + 91
-51
What is (36 - (-7 + 30 - 0)) + -23 - 98?
-108
Calculate -13 - (0 - -2 - (-12 + 19 - -8 - 7)).
-7
Evaluate 1749 + -1766 + -15 + (-4 - -2).
-34
What is the value of -7 + -25 + 98 + -47 + -47?
-28
-32 + -18 - (-40 - 7)
-3
What is the value of -5 - ((-2 - 1) + 89 + (517 - 509))?
-99
What is the value of 14 + (-35 - (-17 - -4 - 0)) + 2?
-6
What is (0 + -1 - 9) + (-265 - 29) + 342?
38
What is -37 - (-67 + 16) - (24 + -17 - (-1 + 111))?
117
Evaluate 58 - (2 + 41) - (1 - 11).
25
-21 - (-1 + 0 + -338 + 355)
-37
What is the value of -12 + -8 - (10 - 12 - -6)?
-24
Calculate 19 + -64 - -14 - (39 - -20).
-90
Calculate (12 - 10 - (-32 - -42)) + -1 + (8 - 3).
-4
Evaluate -1 - 6 - (-22 + -2 + 47 + 8).
-38
Calculate (31 + -26 + 11 - 10) + -81 + -10.
-85
What is -33 + -11 + -2 + (-2 + (0 - 10) - -23)?
-35
What is the value of (-36 - (29 + -35)) + 26?
-4
Calculate -41 + -1 + 2 + (-421 - -361).
-100
Calculate (-251 - -332) + -53 + -4.
24
What is 11 + 22 + -42 + 18 + -16 + (-60 - -1)?
-66
Evaluate (79 - (35 + 3)) + -44.
-3
What is the value of -62 + 12 - (-23 - (25 - 56)) - 12?
-70
What is the value of -7 + 34 + -23 + 24?
28
7 + (-19 + 17 - -2) - (-57 + -3)
67
Calculate (47 + -19 - 8) + (-13 - (0 - 9)).
16
What is the value of -38 + (-3 - -12 - (132 - 146))?
-15
Evaluate -5 + -1 + -1 - (-40 + 24 + (2 - -22)).
-15
-105 - -30 - -53 - -37
15
Calculate (-2 - -51) + 20 + 131 + -155.
45
Evaluate (1 + -2 - -43) + 0 + (-191 - 3) + 205.
53
90 - (138 + -120) - (19 + -1)
54
74 + -8 + (-7 + (3 - -5) - 11)
56
Calculate 141 - (122 + 0 - -103).
-84
What is 12 + 8 + (-9 - 5) + 6 + (-31 - 6)?
-25